{"id":9001,"date":"2026-01-05T11:53:01","date_gmt":"2026-01-05T10:53:01","guid":{"rendered":"https:\/\/walk4future.com\/?post_type=tribe_events&#038;p=9001"},"modified":"2026-02-08T12:21:04","modified_gmt":"2026-02-08T11:21:04","slug":"mammut-walk-munich","status":"publish","type":"tribe_events","link":"https:\/\/walk4future.com\/de\/event\/mammut-walk-munich\/","title":{"rendered":"Mammut Walk M\u00fcnchen"},"content":{"rendered":"<p>W\u00e4hrend unserer <a href=\"https:\/\/walk4future.com\/de\/veranstaltung\/walksave-march\/\">walk&amp;save M\u00e4rz Herausforderung<\/a> treffen wir uns - unter anderem - in M\u00fcnchen zu einem weiteren Mammut Walk! Wir werden unseren Schrittz\u00e4hler auf die n\u00e4chste Stufe bringen und uns mit dieser gemeinsamen Herausforderung zus\u00e4tzlich motivieren. Nat\u00fcrlich werden wir mit unserem walk4future\u00ae - Logo und unserer Einstellung ein Zeichen setzen \ud83d\ude09 .<\/p>\n<p>Du willst mitmachen?<\/p>\n<p>Verwende <a href=\"https:\/\/mammutmarsch.de\/?raf=MARTINA.GL33565\">DIESER LINK<\/a> um Teil von Martinas Wandergruppe zu werden. Wir sind gerade dabei, unser Material bewusst weiterzuentwickeln, um sichtbar zu werden, ohne zus\u00e4tzlichen M\u00fcll zu produzieren. Schreib uns also eine E-Mail, sobald du dich f\u00fcr unsere Wandergruppe angemeldet hast!<\/p>\n<p><em><strong>Du m\u00f6chtest deine eigene walk4future\u00ae - Wandergruppe bei einem der anderen Mammut Events gr\u00fcnden?<\/strong><\/em> <a href=\"mailto:office@walk4future.com\"><strong>Nimm Kontakt auf und werde walk4future\u00ae - Botschafter\/in!\u00a0<\/strong><\/a><\/p>","protected":false},"excerpt":{"rendered":"<p>W\u00e4hrend unserer walk&amp;save M\u00e4rz-Challenge treffen wir uns - unter anderem - in M\u00fcnchen zu einem weiteren Mammut Walk! Wir werden unseren Schrittz\u00e4hler auf die n\u00e4chste Stufe bringen und Spenden...<\/p>","protected":false},"author":1,"featured_media":0,"template":"","meta":{"_view_id":"","_price":"","_stock":"","_tribe_ticket_header":"","_tribe_default_ticket_provider":"","_tribe_ticket_capacity":"0","_ticket_start_date":"","_ticket_end_date":"","_tribe_ticket_show_description":"","_tribe_ticket_show_not_going":false,"_tribe_ticket_use_global_stock":"","_tribe_ticket_global_stock_level":"","_global_stock_mode":"","_global_stock_cap":"","_tribe_rsvp_for_event":"","_tribe_ticket_going_count":"","_tribe_ticket_not_going_count":"","_tribe_tickets_list":"[]","_tribe_ticket_has_attendee_info_fields":false,"_tribe_events_status":"","_tribe_events_status_reason":"","footnotes":"","_tec_slr_enabled":"","_tec_slr_layout":""},"tags":[235,236],"tribe_events_cat":[144],"class_list":["post-9001","tribe_events","type-tribe_events","status-publish","tag-join25","tag-mammut-walk","tribe_events_cat-community-walking","cat_community-walking"],"yoast_head":"<!-- This site is optimized with the Yoast SEO plugin v27.3 - https:\/\/yoast.com\/product\/yoast-seo-wordpress\/ -->\n<title>Mammut Walk Munich - walk4future\u00ae - REthink Fashion!<\/title>\n<meta name=\"description\" content=\"During our walk&amp;save March Challenge we are joining - amongst others - in Munich for another Mammut Walk! Come and join us!\" \/>\n<meta name=\"robots\" content=\"index, follow, max-snippet:-1, max-image-preview:large, max-video-preview:-1\" \/>\n<link rel=\"canonical\" href=\"https:\/\/walk4future.com\/de\/veranstaltung\/mammut-walk-munich\/\" \/>\n<meta property=\"og:locale\" content=\"de_DE\" \/>\n<meta property=\"og:type\" content=\"article\" \/>\n<meta property=\"og:title\" content=\"Mammut Walk Munich - walk4future\u00ae - REthink Fashion!\" \/>\n<meta property=\"og:description\" content=\"During our walk&amp;save March Challenge we are joining - amongst others - in Munich for another Mammut Walk! Come and join us!\" \/>\n<meta property=\"og:url\" content=\"https:\/\/walk4future.com\/de\/veranstaltung\/mammut-walk-munich\/\" \/>\n<meta property=\"og:site_name\" content=\"walk4future\u00ae - REthink Fashion!\" \/>\n<meta property=\"article:modified_time\" content=\"2026-02-08T11:21:04+00:00\" \/>\n<meta name=\"twitter:card\" content=\"summary_large_image\" \/>\n<meta name=\"twitter:label1\" content=\"Gesch\u00e4tzte Lesezeit\" \/>\n\t<meta name=\"twitter:data1\" content=\"1\u00a0Minute\" \/>\n<script type=\"application\/ld+json\" class=\"yoast-schema-graph\">{\"@context\":\"https:\\\/\\\/schema.org\",\"@graph\":[{\"@type\":\"WebPage\",\"@id\":\"https:\\\/\\\/walk4future.com\\\/event\\\/mammut-walk-munich\\\/\",\"url\":\"https:\\\/\\\/walk4future.com\\\/event\\\/mammut-walk-munich\\\/\",\"name\":\"Mammut Walk Munich - walk4future\u00ae - REthink Fashion!\",\"isPartOf\":{\"@id\":\"https:\\\/\\\/walk4future.com\\\/#website\"},\"datePublished\":\"2026-01-05T10:53:01+00:00\",\"dateModified\":\"2026-02-08T11:21:04+00:00\",\"description\":\"During our walk&save March Challenge we are joining - amongst others - in Munich for another Mammut Walk! Come and join us!\",\"breadcrumb\":{\"@id\":\"https:\\\/\\\/walk4future.com\\\/event\\\/mammut-walk-munich\\\/#breadcrumb\"},\"inLanguage\":\"de\",\"potentialAction\":[{\"@type\":\"ReadAction\",\"target\":[\"https:\\\/\\\/walk4future.com\\\/event\\\/mammut-walk-munich\\\/\"]}]},{\"@type\":\"BreadcrumbList\",\"@id\":\"https:\\\/\\\/walk4future.com\\\/event\\\/mammut-walk-munich\\\/#breadcrumb\",\"itemListElement\":[{\"@type\":\"ListItem\",\"position\":1,\"name\":\"Home\",\"item\":\"https:\\\/\\\/walk4future.com\\\/\"},{\"@type\":\"ListItem\",\"position\":2,\"name\":\"Events\",\"item\":\"https:\\\/\\\/walk4future.com\\\/events\\\/\"},{\"@type\":\"ListItem\",\"position\":3,\"name\":\"Mammut Walk Munich\"}]},{\"@type\":\"WebSite\",\"@id\":\"https:\\\/\\\/walk4future.com\\\/#website\",\"url\":\"https:\\\/\\\/walk4future.com\\\/\",\"name\":\"Walk4Future\",\"description\":\"The Future Fashion Movement\",\"publisher\":{\"@id\":\"https:\\\/\\\/walk4future.com\\\/#organization\"},\"potentialAction\":[{\"@type\":\"SearchAction\",\"target\":{\"@type\":\"EntryPoint\",\"urlTemplate\":\"https:\\\/\\\/walk4future.com\\\/?s={search_term_string}\"},\"query-input\":{\"@type\":\"PropertyValueSpecification\",\"valueRequired\":true,\"valueName\":\"search_term_string\"}}],\"inLanguage\":\"de\"},{\"@type\":\"Organization\",\"@id\":\"https:\\\/\\\/walk4future.com\\\/#organization\",\"name\":\"Walk4Future\",\"url\":\"https:\\\/\\\/walk4future.com\\\/\",\"logo\":{\"@type\":\"ImageObject\",\"inLanguage\":\"de\",\"@id\":\"https:\\\/\\\/walk4future.com\\\/#\\\/schema\\\/logo\\\/image\\\/\",\"url\":\"https:\\\/\\\/walk4future.com\\\/wp-content\\\/uploads\\\/2025\\\/01\\\/WALK4FUTURe_cut.png\",\"contentUrl\":\"https:\\\/\\\/walk4future.com\\\/wp-content\\\/uploads\\\/2025\\\/01\\\/WALK4FUTURe_cut.png\",\"width\":292,\"height\":292,\"caption\":\"Walk4Future\"},\"image\":{\"@id\":\"https:\\\/\\\/walk4future.com\\\/#\\\/schema\\\/logo\\\/image\\\/\"},\"sameAs\":[\"https:\\\/\\\/www.instagram.com\\\/walk.4future\\\/\"]}]}<\/script>\n<!-- \/ Yoast SEO plugin. -->","yoast_head_json":{"title":"Mammut Walk Munich - walk4future\u00ae - REthink Fashion!","description":"Im Rahmen unserer walk&amp;save March Challenge treffen wir uns - unter anderem - in M\u00fcnchen zu einem weiteren Mammut Walk! Komm und mach mit!","robots":{"index":"index","follow":"follow","max-snippet":"max-snippet:-1","max-image-preview":"max-image-preview:large","max-video-preview":"max-video-preview:-1"},"canonical":"https:\/\/walk4future.com\/de\/veranstaltung\/mammut-walk-munich\/","og_locale":"de_DE","og_type":"article","og_title":"Mammut Walk Munich - walk4future\u00ae - REthink Fashion!","og_description":"During our walk&save March Challenge we are joining - amongst others - in Munich for another Mammut Walk! Come and join us!","og_url":"https:\/\/walk4future.com\/de\/veranstaltung\/mammut-walk-munich\/","og_site_name":"walk4future\u00ae - REthink Fashion!","article_modified_time":"2026-02-08T11:21:04+00:00","twitter_card":"summary_large_image","twitter_misc":{"Gesch\u00e4tzte Lesezeit":"1\u00a0Minute"},"schema":{"@context":"https:\/\/schema.org","@graph":[{"@type":"WebPage","@id":"https:\/\/walk4future.com\/event\/mammut-walk-munich\/","url":"https:\/\/walk4future.com\/event\/mammut-walk-munich\/","name":"Mammut Walk Munich - walk4future\u00ae - REthink Fashion!","isPartOf":{"@id":"https:\/\/walk4future.com\/#website"},"datePublished":"2026-01-05T10:53:01+00:00","dateModified":"2026-02-08T11:21:04+00:00","description":"Im Rahmen unserer walk&amp;save March Challenge treffen wir uns - unter anderem - in M\u00fcnchen zu einem weiteren Mammut Walk! Komm und mach mit!","breadcrumb":{"@id":"https:\/\/walk4future.com\/event\/mammut-walk-munich\/#breadcrumb"},"inLanguage":"de","potentialAction":[{"@type":"ReadAction","target":["https:\/\/walk4future.com\/event\/mammut-walk-munich\/"]}]},{"@type":"BreadcrumbList","@id":"https:\/\/walk4future.com\/event\/mammut-walk-munich\/#breadcrumb","itemListElement":[{"@type":"ListItem","position":1,"name":"Home","item":"https:\/\/walk4future.com\/"},{"@type":"ListItem","position":2,"name":"Events","item":"https:\/\/walk4future.com\/events\/"},{"@type":"ListItem","position":3,"name":"Mammut Walk Munich"}]},{"@type":"WebSite","@id":"https:\/\/walk4future.com\/#website","url":"https:\/\/walk4future.com\/","name":"Walk4Future","description":"Die Future Fashion-Bewegung","publisher":{"@id":"https:\/\/walk4future.com\/#organization"},"potentialAction":[{"@type":"SearchAction","target":{"@type":"EntryPoint","urlTemplate":"https:\/\/walk4future.com\/?s={search_term_string}"},"query-input":{"@type":"PropertyValueSpecification","valueRequired":true,"valueName":"search_term_string"}}],"inLanguage":"de"},{"@type":"Organization","@id":"https:\/\/walk4future.com\/#organization","name":"Walk4Future","url":"https:\/\/walk4future.com\/","logo":{"@type":"ImageObject","inLanguage":"de","@id":"https:\/\/walk4future.com\/#\/schema\/logo\/image\/","url":"https:\/\/walk4future.com\/wp-content\/uploads\/2025\/01\/WALK4FUTURe_cut.png","contentUrl":"https:\/\/walk4future.com\/wp-content\/uploads\/2025\/01\/WALK4FUTURe_cut.png","width":292,"height":292,"caption":"Walk4Future"},"image":{"@id":"https:\/\/walk4future.com\/#\/schema\/logo\/image\/"},"sameAs":["https:\/\/www.instagram.com\/walk.4future\/"]}]}},"ticketed":false,"_links":{"self":[{"href":"https:\/\/walk4future.com\/de\/wp-json\/wp\/v2\/tribe_events\/9001","targetHints":{"allow":["GET"]}}],"collection":[{"href":"https:\/\/walk4future.com\/de\/wp-json\/wp\/v2\/tribe_events"}],"about":[{"href":"https:\/\/walk4future.com\/de\/wp-json\/wp\/v2\/types\/tribe_events"}],"author":[{"embeddable":true,"href":"https:\/\/walk4future.com\/de\/wp-json\/wp\/v2\/users\/1"}],"version-history":[{"count":1,"href":"https:\/\/walk4future.com\/de\/wp-json\/wp\/v2\/tribe_events\/9001\/revisions"}],"predecessor-version":[{"id":9003,"href":"https:\/\/walk4future.com\/de\/wp-json\/wp\/v2\/tribe_events\/9001\/revisions\/9003"}],"wp:attachment":[{"href":"https:\/\/walk4future.com\/de\/wp-json\/wp\/v2\/media?parent=9001"}],"wp:term":[{"taxonomy":"post_tag","embeddable":true,"href":"https:\/\/walk4future.com\/de\/wp-json\/wp\/v2\/tags?post=9001"},{"taxonomy":"tribe_events_cat","embeddable":true,"href":"https:\/\/walk4future.com\/de\/wp-json\/wp\/v2\/tribe_events_cat?post=9001"}],"curies":[{"name":"wp","href":"https:\/\/api.w.org\/{rel}","templated":true}]}}

Mammut Walk München

<p>Während unserer <a href="https://walk4future.com/de/veranstaltung/walksave-march/">walk&amp;save März Herausforderung</a> treffen wir uns - unter anderem - in München zu einem weiteren Mammut Walk! Wir werden unseren Schrittzähler auf die nächste Stufe bringen und uns mit dieser gemeinsamen Herausforderung zusätzlich motivieren. Natürlich werden wir mit unserem walk4future® - Logo und unserer Einstellung ein Zeichen setzen 😉 .</p>
<p>Du willst mitmachen?</p>
<p>Verwende <a href="https://mammutmarsch.de/?raf=MARTINA.GL33565">DIESER LINK</a> um Teil von Martinas Wandergruppe zu werden. Wir sind gerade dabei, unser Material bewusst weiterzuentwickeln, um sichtbar zu werden, ohne zusätzlichen Müll zu produzieren. Schreib uns also eine E-Mail, sobald du dich für unsere Wandergruppe angemeldet hast!</p>
<p><em><strong>Du möchtest deine eigene walk4future® - Wandergruppe bei einem der anderen Mammut Events gründen?</strong></em> <a href="mailto:office@walk4future.com"><strong>Nimm Kontakt auf und werde walk4future® - Botschafter/in! </strong></a></p>

<p>Während unserer walk&amp;save März-Challenge treffen wir uns - unter anderem - in München zu einem weiteren Mammut Walk! Wir werden unseren Schrittzähler auf die nächste Stufe bringen und Spenden...</p>

<!-- This site is optimized with the Yoast SEO plugin v27.3 - https://yoast.com/product/yoast-seo-wordpress/ -->
<title>Mammut Walk Munich - walk4future® - REthink Fashion!</title>
<meta name="description" content="During our walk&amp;save March Challenge we are joining - amongst others - in Munich for another Mammut Walk! Come and join us!" />
<meta name="robots" content="index, follow, max-snippet:-1, max-image-preview:large, max-video-preview:-1" />
<link rel="canonical" href="https://walk4future.com/de/veranstaltung/mammut-walk-munich/" />
<meta property="og:locale" content="de_DE" />
<meta property="og:type" content="article" />
<meta property="og:title" content="Mammut Walk Munich - walk4future® - REthink Fashion!" />
<meta property="og:description" content="During our walk&amp;save March Challenge we are joining - amongst others - in Munich for another Mammut Walk! Come and join us!" />
<meta property="og:url" content="https://walk4future.com/de/veranstaltung/mammut-walk-munich/" />
<meta property="og:site_name" content="walk4future® - REthink Fashion!" />
<meta property="article:modified_time" content="2026-02-08T11:21:04+00:00" />
<meta name="twitter:card" content="summary_large_image" />
<meta name="twitter:label1" content="Geschätzte Lesezeit" />
	<meta name="twitter:data1" content="1 Minute" />
<script type="application/ld+json" class="yoast-schema-graph">{"@context":"https:\/\/schema.org","@graph":[{"@type":"WebPage","@id":"https:\/\/walk4future.com\/event\/mammut-walk-munich\/","url":"https:\/\/walk4future.com\/event\/mammut-walk-munich\/","name":"Mammut Walk Munich - walk4future® - REthink Fashion!","isPartOf":{"@id":"https:\/\/walk4future.com\/#website"},"datePublished":"2026-01-05T10:53:01+00:00","dateModified":"2026-02-08T11:21:04+00:00","description":"During our walk&save March Challenge we are joining - amongst others - in Munich for another Mammut Walk! Come and join us!","breadcrumb":{"@id":"https:\/\/walk4future.com\/event\/mammut-walk-munich\/#breadcrumb"},"inLanguage":"de","potentialAction":[{"@type":"ReadAction","target":["https:\/\/walk4future.com\/event\/mammut-walk-munich\/"]}]},{"@type":"BreadcrumbList","@id":"https:\/\/walk4future.com\/event\/mammut-walk-munich\/#breadcrumb","itemListElement":[{"@type":"ListItem","position":1,"name":"Home","item":"https:\/\/walk4future.com\/"},{"@type":"ListItem","position":2,"name":"Events","item":"https:\/\/walk4future.com\/events\/"},{"@type":"ListItem","position":3,"name":"Mammut Walk Munich"}]},{"@type":"WebSite","@id":"https:\/\/walk4future.com\/#website","url":"https:\/\/walk4future.com\/","name":"Walk4Future","description":"The Future Fashion Movement","publisher":{"@id":"https:\/\/walk4future.com\/#organization"},"potentialAction":[{"@type":"SearchAction","target":{"@type":"EntryPoint","urlTemplate":"https:\/\/walk4future.com\/?s={search_term_string}"},"query-input":{"@type":"PropertyValueSpecification","valueRequired":true,"valueName":"search_term_string"}}],"inLanguage":"de"},{"@type":"Organization","@id":"https:\/\/walk4future.com\/#organization","name":"Walk4Future","url":"https:\/\/walk4future.com\/","logo":{"@type":"ImageObject","inLanguage":"de","@id":"https:\/\/walk4future.com\/#\/schema\/logo\/image\/","url":"https:\/\/walk4future.com\/wp-content\/uploads\/2025\/01\/WALK4FUTURe_cut.png","contentUrl":"https:\/\/walk4future.com\/wp-content\/uploads\/2025\/01\/WALK4FUTURe_cut.png","width":292,"height":292,"caption":"Walk4Future"},"image":{"@id":"https:\/\/walk4future.com\/#\/schema\/logo\/image\/"},"sameAs":["https:\/\/www.instagram.com\/walk.4future\/"]}]}</script>
<!-- / Yoast SEO plugin. -->

Im Rahmen unserer walk&amp;save March Challenge treffen wir uns - unter anderem - in München zu einem weiteren Mammut Walk! Komm und mach mit!
