{"id":8886,"date":"2025-12-11T15:36:39","date_gmt":"2025-12-11T14:36:39","guid":{"rendered":"https:\/\/walk4future.com\/?post_type=tribe_events&#038;p=8886"},"modified":"2025-12-11T15:36:39","modified_gmt":"2025-12-11T14:36:39","slug":"weltumweltbildungstag","status":"publish","type":"tribe_events","link":"https:\/\/walk4future.com\/de\/event\/world-environmental-education-day\/","title":{"rendered":"Weltumweltbildungstag"},"content":{"rendered":"<p><span class=\"N9Q8Lc\">Der Weltumweltbildungstag wird j\u00e4hrlich am\u00a0<\/span><mark class=\"HxTRcb\" data-processed=\"true\"><strong class=\"Yjhzub\" data-processed=\"true\"><span class=\"N9Q8Lc\">26. Januar<\/span><\/strong><\/mark><span class=\"N9Q8Lc\">, Eine weltweite Veranstaltung, die sich darauf konzentriert, das Umweltbewusstsein, das Wissen und das Handeln zu f\u00f6rdern, um eine nachhaltige Gesellschaft aufzubauen. Sie basiert auf den Grunds\u00e4tzen der Stockholmer Konferenz von 1972 und der Belgrader Charta von 1975, f\u00f6rdert das kritische Denken \u00fcber die Herausforderungen unseres Planeten und ermutigt zur aktiven Teilnahme an L\u00f6sungen.<\/span><span class=\"uJ19be notranslate\" data-wiz-uids=\"M748yf_g,M748yf_h,M748yf_i\" data-processed=\"true\"><span class=\"vKEkVd\" data-animation-atomic=\"\" data-processed=\"true\">\u00a0<\/span><\/span><\/p>\n<p>walk4future wird an diesem Tag keine speziellen Veranstaltungen organisieren, aber wir stehen f\u00fcr Workshops und Gespr\u00e4che zum Thema Mode und Umwelt zur Verf\u00fcgung.<\/p>","protected":false},"excerpt":{"rendered":"<p>Der Weltumweltbildungstag wird jedes Jahr am 26. Januar begangen. Er ist ein globaler Feiertag, der sich auf die F\u00f6rderung von Umweltbewusstsein, -wissen und -handeln konzentriert, um eine nachhaltige Gesellschaft aufzubauen, die auf...<\/p>","protected":false},"author":1,"featured_media":0,"template":"","meta":{"_view_id":"","_price":"","_stock":"","_tribe_ticket_header":"","_tribe_default_ticket_provider":"","_tribe_ticket_capacity":"0","_ticket_start_date":"","_ticket_end_date":"","_tribe_ticket_show_description":"","_tribe_ticket_show_not_going":false,"_tribe_ticket_use_global_stock":"","_tribe_ticket_global_stock_level":"","_global_stock_mode":"","_global_stock_cap":"","_tribe_rsvp_for_event":"","_tribe_ticket_going_count":"","_tribe_ticket_not_going_count":"","_tribe_tickets_list":"[]","_tribe_ticket_has_attendee_info_fields":false,"_tribe_events_status":"","_tribe_events_status_reason":"","footnotes":"","_tec_slr_enabled":"","_tec_slr_layout":""},"tags":[225,226,224],"tribe_events_cat":[223],"class_list":["post-8886","tribe_events","type-tribe_events","status-publish","tag-awareness-raising","tag-education","tag-international-days","tribe_events_cat-intl-events","cat_intl-events"],"yoast_head":"<!-- This site is optimized with the Yoast SEO plugin v27.3 - https:\/\/yoast.com\/product\/yoast-seo-wordpress\/ -->\n<title>World Environmental Education Day - walk4future\u00ae - REthink Fashion!<\/title>\n<meta name=\"description\" content=\"walk4future will not organize any specific events for that day, but we are available for workshops and talks on the subject\" \/>\n<meta name=\"robots\" content=\"index, follow, max-snippet:-1, max-image-preview:large, max-video-preview:-1\" \/>\n<link rel=\"canonical\" href=\"https:\/\/walk4future.com\/de\/veranstaltung\/weltumweltbildungstag\/\" \/>\n<meta property=\"og:locale\" content=\"de_DE\" \/>\n<meta property=\"og:type\" content=\"article\" \/>\n<meta property=\"og:title\" content=\"World Environmental Education Day - walk4future\u00ae - REthink Fashion!\" \/>\n<meta property=\"og:description\" content=\"walk4future will not organize any specific events for that day, but we are available for workshops and talks on the subject\" \/>\n<meta property=\"og:url\" content=\"https:\/\/walk4future.com\/de\/veranstaltung\/weltumweltbildungstag\/\" \/>\n<meta property=\"og:site_name\" content=\"walk4future\u00ae - REthink Fashion!\" \/>\n<meta name=\"twitter:card\" content=\"summary_large_image\" \/>\n<meta name=\"twitter:label1\" content=\"Gesch\u00e4tzte Lesezeit\" \/>\n\t<meta name=\"twitter:data1\" content=\"1\u00a0Minute\" \/>\n<script type=\"application\/ld+json\" class=\"yoast-schema-graph\">{\"@context\":\"https:\\\/\\\/schema.org\",\"@graph\":[{\"@type\":\"WebPage\",\"@id\":\"https:\\\/\\\/walk4future.com\\\/event\\\/world-environmental-education-day\\\/\",\"url\":\"https:\\\/\\\/walk4future.com\\\/event\\\/world-environmental-education-day\\\/\",\"name\":\"World Environmental Education Day - walk4future\u00ae - REthink Fashion!\",\"isPartOf\":{\"@id\":\"https:\\\/\\\/walk4future.com\\\/#website\"},\"datePublished\":\"2025-12-11T14:36:39+00:00\",\"description\":\"walk4future will not organize any specific events for that day, but we are available for workshops and talks on the subject\",\"breadcrumb\":{\"@id\":\"https:\\\/\\\/walk4future.com\\\/event\\\/world-environmental-education-day\\\/#breadcrumb\"},\"inLanguage\":\"de\",\"potentialAction\":[{\"@type\":\"ReadAction\",\"target\":[\"https:\\\/\\\/walk4future.com\\\/event\\\/world-environmental-education-day\\\/\"]}]},{\"@type\":\"BreadcrumbList\",\"@id\":\"https:\\\/\\\/walk4future.com\\\/event\\\/world-environmental-education-day\\\/#breadcrumb\",\"itemListElement\":[{\"@type\":\"ListItem\",\"position\":1,\"name\":\"Home\",\"item\":\"https:\\\/\\\/walk4future.com\\\/\"},{\"@type\":\"ListItem\",\"position\":2,\"name\":\"Events\",\"item\":\"https:\\\/\\\/walk4future.com\\\/events\\\/\"},{\"@type\":\"ListItem\",\"position\":3,\"name\":\"World Environmental Education Day\"}]},{\"@type\":\"WebSite\",\"@id\":\"https:\\\/\\\/walk4future.com\\\/#website\",\"url\":\"https:\\\/\\\/walk4future.com\\\/\",\"name\":\"Walk4Future\",\"description\":\"The Future Fashion Movement\",\"publisher\":{\"@id\":\"https:\\\/\\\/walk4future.com\\\/#organization\"},\"potentialAction\":[{\"@type\":\"SearchAction\",\"target\":{\"@type\":\"EntryPoint\",\"urlTemplate\":\"https:\\\/\\\/walk4future.com\\\/?s={search_term_string}\"},\"query-input\":{\"@type\":\"PropertyValueSpecification\",\"valueRequired\":true,\"valueName\":\"search_term_string\"}}],\"inLanguage\":\"de\"},{\"@type\":\"Organization\",\"@id\":\"https:\\\/\\\/walk4future.com\\\/#organization\",\"name\":\"Walk4Future\",\"url\":\"https:\\\/\\\/walk4future.com\\\/\",\"logo\":{\"@type\":\"ImageObject\",\"inLanguage\":\"de\",\"@id\":\"https:\\\/\\\/walk4future.com\\\/#\\\/schema\\\/logo\\\/image\\\/\",\"url\":\"https:\\\/\\\/walk4future.com\\\/wp-content\\\/uploads\\\/2025\\\/01\\\/WALK4FUTURe_cut.png\",\"contentUrl\":\"https:\\\/\\\/walk4future.com\\\/wp-content\\\/uploads\\\/2025\\\/01\\\/WALK4FUTURe_cut.png\",\"width\":292,\"height\":292,\"caption\":\"Walk4Future\"},\"image\":{\"@id\":\"https:\\\/\\\/walk4future.com\\\/#\\\/schema\\\/logo\\\/image\\\/\"},\"sameAs\":[\"https:\\\/\\\/www.instagram.com\\\/walk.4future\\\/\"]}]}<\/script>\n<!-- \/ Yoast SEO plugin. -->","yoast_head_json":{"title":"Weltumweltbildungstag - walk4future\u00ae - REthink Fashion!","description":"walk4future wird an diesem Tag keine speziellen Veranstaltungen organisieren, aber wir stehen f\u00fcr Workshops und Vortr\u00e4ge zum Thema zur Verf\u00fcgung","robots":{"index":"index","follow":"follow","max-snippet":"max-snippet:-1","max-image-preview":"max-image-preview:large","max-video-preview":"max-video-preview:-1"},"canonical":"https:\/\/walk4future.com\/de\/veranstaltung\/weltumweltbildungstag\/","og_locale":"de_DE","og_type":"article","og_title":"World Environmental Education Day - walk4future\u00ae - REthink Fashion!","og_description":"walk4future will not organize any specific events for that day, but we are available for workshops and talks on the subject","og_url":"https:\/\/walk4future.com\/de\/veranstaltung\/weltumweltbildungstag\/","og_site_name":"walk4future\u00ae - REthink Fashion!","twitter_card":"summary_large_image","twitter_misc":{"Gesch\u00e4tzte Lesezeit":"1\u00a0Minute"},"schema":{"@context":"https:\/\/schema.org","@graph":[{"@type":"WebPage","@id":"https:\/\/walk4future.com\/event\/world-environmental-education-day\/","url":"https:\/\/walk4future.com\/event\/world-environmental-education-day\/","name":"Weltumweltbildungstag - walk4future\u00ae - REthink Fashion!","isPartOf":{"@id":"https:\/\/walk4future.com\/#website"},"datePublished":"2025-12-11T14:36:39+00:00","description":"walk4future wird an diesem Tag keine speziellen Veranstaltungen organisieren, aber wir stehen f\u00fcr Workshops und Vortr\u00e4ge zum Thema zur Verf\u00fcgung","breadcrumb":{"@id":"https:\/\/walk4future.com\/event\/world-environmental-education-day\/#breadcrumb"},"inLanguage":"de","potentialAction":[{"@type":"ReadAction","target":["https:\/\/walk4future.com\/event\/world-environmental-education-day\/"]}]},{"@type":"BreadcrumbList","@id":"https:\/\/walk4future.com\/event\/world-environmental-education-day\/#breadcrumb","itemListElement":[{"@type":"ListItem","position":1,"name":"Home","item":"https:\/\/walk4future.com\/"},{"@type":"ListItem","position":2,"name":"Events","item":"https:\/\/walk4future.com\/events\/"},{"@type":"ListItem","position":3,"name":"World Environmental Education Day"}]},{"@type":"WebSite","@id":"https:\/\/walk4future.com\/#website","url":"https:\/\/walk4future.com\/","name":"Walk4Future","description":"Die Future Fashion-Bewegung","publisher":{"@id":"https:\/\/walk4future.com\/#organization"},"potentialAction":[{"@type":"SearchAction","target":{"@type":"EntryPoint","urlTemplate":"https:\/\/walk4future.com\/?s={search_term_string}"},"query-input":{"@type":"PropertyValueSpecification","valueRequired":true,"valueName":"search_term_string"}}],"inLanguage":"de"},{"@type":"Organization","@id":"https:\/\/walk4future.com\/#organization","name":"Walk4Future","url":"https:\/\/walk4future.com\/","logo":{"@type":"ImageObject","inLanguage":"de","@id":"https:\/\/walk4future.com\/#\/schema\/logo\/image\/","url":"https:\/\/walk4future.com\/wp-content\/uploads\/2025\/01\/WALK4FUTURe_cut.png","contentUrl":"https:\/\/walk4future.com\/wp-content\/uploads\/2025\/01\/WALK4FUTURe_cut.png","width":292,"height":292,"caption":"Walk4Future"},"image":{"@id":"https:\/\/walk4future.com\/#\/schema\/logo\/image\/"},"sameAs":["https:\/\/www.instagram.com\/walk.4future\/"]}]}},"ticketed":false,"_links":{"self":[{"href":"https:\/\/walk4future.com\/de\/wp-json\/wp\/v2\/tribe_events\/8886","targetHints":{"allow":["GET"]}}],"collection":[{"href":"https:\/\/walk4future.com\/de\/wp-json\/wp\/v2\/tribe_events"}],"about":[{"href":"https:\/\/walk4future.com\/de\/wp-json\/wp\/v2\/types\/tribe_events"}],"author":[{"embeddable":true,"href":"https:\/\/walk4future.com\/de\/wp-json\/wp\/v2\/users\/1"}],"version-history":[{"count":1,"href":"https:\/\/walk4future.com\/de\/wp-json\/wp\/v2\/tribe_events\/8886\/revisions"}],"predecessor-version":[{"id":8887,"href":"https:\/\/walk4future.com\/de\/wp-json\/wp\/v2\/tribe_events\/8886\/revisions\/8887"}],"wp:attachment":[{"href":"https:\/\/walk4future.com\/de\/wp-json\/wp\/v2\/media?parent=8886"}],"wp:term":[{"taxonomy":"post_tag","embeddable":true,"href":"https:\/\/walk4future.com\/de\/wp-json\/wp\/v2\/tags?post=8886"},{"taxonomy":"tribe_events_cat","embeddable":true,"href":"https:\/\/walk4future.com\/de\/wp-json\/wp\/v2\/tribe_events_cat?post=8886"}],"curies":[{"name":"wp","href":"https:\/\/api.w.org\/{rel}","templated":true}]}}

<p><span class="N9Q8Lc">Der Weltumweltbildungstag wird jährlich am </span><mark class="HxTRcb" data-processed="true"><strong class="Yjhzub" data-processed="true"><span class="N9Q8Lc">26. Januar</span></strong></mark><span class="N9Q8Lc">, Eine weltweite Veranstaltung, die sich darauf konzentriert, das Umweltbewusstsein, das Wissen und das Handeln zu fördern, um eine nachhaltige Gesellschaft aufzubauen. Sie basiert auf den Grundsätzen der Stockholmer Konferenz von 1972 und der Belgrader Charta von 1975, fördert das kritische Denken über die Herausforderungen unseres Planeten und ermutigt zur aktiven Teilnahme an Lösungen.</span><span class="uJ19be notranslate" data-wiz-uids="M748yf_g,M748yf_h,M748yf_i" data-processed="true"><span class="vKEkVd" data-animation-atomic="" data-processed="true"> </span></span></p>
<p>walk4future wird an diesem Tag keine speziellen Veranstaltungen organisieren, aber wir stehen für Workshops und Gespräche zum Thema Mode und Umwelt zur Verfügung.</p>

<p>Der Weltumweltbildungstag wird jedes Jahr am 26. Januar begangen. Er ist ein globaler Feiertag, der sich auf die Förderung von Umweltbewusstsein, -wissen und -handeln konzentriert, um eine nachhaltige Gesellschaft aufzubauen, die auf...</p>

<!-- This site is optimized with the Yoast SEO plugin v27.3 - https://yoast.com/product/yoast-seo-wordpress/ -->
<title>World Environmental Education Day - walk4future® - REthink Fashion!</title>
<meta name="description" content="walk4future will not organize any specific events for that day, but we are available for workshops and talks on the subject" />
<meta name="robots" content="index, follow, max-snippet:-1, max-image-preview:large, max-video-preview:-1" />
<link rel="canonical" href="https://walk4future.com/de/veranstaltung/weltumweltbildungstag/" />
<meta property="og:locale" content="de_DE" />
<meta property="og:type" content="article" />
<meta property="og:title" content="World Environmental Education Day - walk4future® - REthink Fashion!" />
<meta property="og:description" content="walk4future will not organize any specific events for that day, but we are available for workshops and talks on the subject" />
<meta property="og:url" content="https://walk4future.com/de/veranstaltung/weltumweltbildungstag/" />
<meta property="og:site_name" content="walk4future® - REthink Fashion!" />
<meta name="twitter:card" content="summary_large_image" />
<meta name="twitter:label1" content="Geschätzte Lesezeit" />
	<meta name="twitter:data1" content="1 Minute" />
<script type="application/ld+json" class="yoast-schema-graph">{"@context":"https:\/\/schema.org","@graph":[{"@type":"WebPage","@id":"https:\/\/walk4future.com\/event\/world-environmental-education-day\/","url":"https:\/\/walk4future.com\/event\/world-environmental-education-day\/","name":"World Environmental Education Day - walk4future® - REthink Fashion!","isPartOf":{"@id":"https:\/\/walk4future.com\/#website"},"datePublished":"2025-12-11T14:36:39+00:00","description":"walk4future will not organize any specific events for that day, but we are available for workshops and talks on the subject","breadcrumb":{"@id":"https:\/\/walk4future.com\/event\/world-environmental-education-day\/#breadcrumb"},"inLanguage":"de","potentialAction":[{"@type":"ReadAction","target":["https:\/\/walk4future.com\/event\/world-environmental-education-day\/"]}]},{"@type":"BreadcrumbList","@id":"https:\/\/walk4future.com\/event\/world-environmental-education-day\/#breadcrumb","itemListElement":[{"@type":"ListItem","position":1,"name":"Home","item":"https:\/\/walk4future.com\/"},{"@type":"ListItem","position":2,"name":"Events","item":"https:\/\/walk4future.com\/events\/"},{"@type":"ListItem","position":3,"name":"World Environmental Education Day"}]},{"@type":"WebSite","@id":"https:\/\/walk4future.com\/#website","url":"https:\/\/walk4future.com\/","name":"Walk4Future","description":"The Future Fashion Movement","publisher":{"@id":"https:\/\/walk4future.com\/#organization"},"potentialAction":[{"@type":"SearchAction","target":{"@type":"EntryPoint","urlTemplate":"https:\/\/walk4future.com\/?s={search_term_string}"},"query-input":{"@type":"PropertyValueSpecification","valueRequired":true,"valueName":"search_term_string"}}],"inLanguage":"de"},{"@type":"Organization","@id":"https:\/\/walk4future.com\/#organization","name":"Walk4Future","url":"https:\/\/walk4future.com\/","logo":{"@type":"ImageObject","inLanguage":"de","@id":"https:\/\/walk4future.com\/#\/schema\/logo\/image\/","url":"https:\/\/walk4future.com\/wp-content\/uploads\/2025\/01\/WALK4FUTURe_cut.png","contentUrl":"https:\/\/walk4future.com\/wp-content\/uploads\/2025\/01\/WALK4FUTURe_cut.png","width":292,"height":292,"caption":"Walk4Future"},"image":{"@id":"https:\/\/walk4future.com\/#\/schema\/logo\/image\/"},"sameAs":["https:\/\/www.instagram.com\/walk.4future\/"]}]}</script>
<!-- / Yoast SEO plugin. -->

walk4future wird an diesem Tag keine speziellen Veranstaltungen organisieren, aber wir stehen für Workshops und Vorträge zum Thema zur Verfügung
