{"id":8332,"date":"2025-11-12T12:04:55","date_gmt":"2025-11-12T11:04:55","guid":{"rendered":"https:\/\/walk4future.com\/?post_type=tribe_events&#038;p=8332"},"modified":"2026-02-08T12:19:48","modified_gmt":"2026-02-08T11:19:48","slug":"grunes-wochenende","status":"publish","type":"tribe_events","link":"https:\/\/walk4future.com\/de\/event\/green-weekend\/","title":{"rendered":"Gr\u00fcnes Wochenende"},"content":{"rendered":"<p>Vom 21. November bis Montag, den 24. November, k\u00f6nnen ausgew\u00e4hlte Artikel aus unserem <a href=\"https:\/\/walk4future.com\/de\/brands4future\/ffashion-drop-1\/\">Fair Fashion Drop<\/a> sind mit einem Rabatt von 20-30% erh\u00e4ltlich. <strong>Die #walkandsavechallenge Coupons k\u00f6nnen nat\u00fcrlich angewendet werden!<\/strong><\/p>\n<p><strong>Und warum?<\/strong><\/p>\n<p>Ganz einfach: Wir wollen es dir leichter machen, in die Welt der fairen Mode einzusteigen und von gro\u00dfen (Fast-)Fashion-Marken auf coole, bewusste Kleidung umzusteigen.<\/p>\n<p>Gehe hier, um teilzunehmen: <a href=\"https:\/\/walk4future.com\/de\/grunes-wochenende-verkauf\/\">Gr\u00fcnes Wochenende<\/a><\/p>","protected":false},"excerpt":{"rendered":"<p>Vom 21. November bis Montag, den 24. November, sind ausgew\u00e4hlte Artikel aus unserem Fair Fashion Drop mit einem Rabatt von 20-30% erh\u00e4ltlich. Die #walkandsavechallenge Coupons k\u00f6nnen nat\u00fcrlich angewendet werden! Warum? Ganz einfach: Wir...<\/p>","protected":false},"author":1,"featured_media":8337,"template":"","meta":{"_view_id":"","_price":"","_stock":"","_tribe_ticket_header":"","_tribe_default_ticket_provider":"","_tribe_ticket_capacity":"0","_ticket_start_date":"","_ticket_end_date":"","_tribe_ticket_show_description":"","_tribe_ticket_show_not_going":false,"_tribe_ticket_use_global_stock":"","_tribe_ticket_global_stock_level":"","_global_stock_mode":"","_global_stock_cap":"","_tribe_rsvp_for_event":"","_tribe_ticket_going_count":"","_tribe_ticket_not_going_count":"","_tribe_tickets_list":"[]","_tribe_ticket_has_attendee_info_fields":false,"_tribe_events_status":"","_tribe_events_status_reason":"","footnotes":"","_tec_slr_enabled":"","_tec_slr_layout":""},"tags":[192],"tribe_events_cat":[186],"class_list":["post-8332","tribe_events","type-tribe_events","status-publish","has-post-thumbnail","tag-greenfriday","tribe_events_cat-online","cat_online"],"yoast_head":"<!-- This site is optimized with the Yoast SEO plugin v27.3 - https:\/\/yoast.com\/product\/yoast-seo-wordpress\/ -->\n<title>Green Weekend - walk4future\u00ae - REthink Fashion!<\/title>\n<meta name=\"description\" content=\"We want to make it easier for you to enter the world of fair fashion and switch from big (fast) fashion brands to cool, conscious Fashion\" \/>\n<meta name=\"robots\" content=\"index, follow, max-snippet:-1, max-image-preview:large, max-video-preview:-1\" \/>\n<link rel=\"canonical\" href=\"https:\/\/walk4future.com\/de\/veranstaltung\/grunes-wochenende\/\" \/>\n<meta property=\"og:locale\" content=\"de_DE\" \/>\n<meta property=\"og:type\" content=\"article\" \/>\n<meta property=\"og:title\" content=\"Green Weekend - walk4future\u00ae - REthink Fashion!\" \/>\n<meta property=\"og:description\" content=\"We want to make it easier for you to enter the world of fair fashion and switch from big (fast) fashion brands to cool, conscious Fashion\" \/>\n<meta property=\"og:url\" content=\"https:\/\/walk4future.com\/de\/veranstaltung\/grunes-wochenende\/\" \/>\n<meta property=\"og:site_name\" content=\"walk4future\u00ae - REthink Fashion!\" \/>\n<meta property=\"article:modified_time\" content=\"2026-02-08T11:19:48+00:00\" \/>\n<meta property=\"og:image\" content=\"https:\/\/walk4future.com\/wp-content\/uploads\/2025\/11\/Green-Weekend.png\" \/>\n\t<meta property=\"og:image:width\" content=\"1920\" \/>\n\t<meta property=\"og:image:height\" content=\"1080\" \/>\n\t<meta property=\"og:image:type\" content=\"image\/png\" \/>\n<meta name=\"twitter:card\" content=\"summary_large_image\" \/>\n<meta name=\"twitter:label1\" content=\"Gesch\u00e4tzte Lesezeit\" \/>\n\t<meta name=\"twitter:data1\" content=\"1\u00a0Minute\" \/>\n<script type=\"application\/ld+json\" class=\"yoast-schema-graph\">{\"@context\":\"https:\\\/\\\/schema.org\",\"@graph\":[{\"@type\":\"WebPage\",\"@id\":\"https:\\\/\\\/walk4future.com\\\/event\\\/green-weekend\\\/\",\"url\":\"https:\\\/\\\/walk4future.com\\\/event\\\/green-weekend\\\/\",\"name\":\"Green Weekend - walk4future\u00ae - REthink Fashion!\",\"isPartOf\":{\"@id\":\"https:\\\/\\\/walk4future.com\\\/#website\"},\"primaryImageOfPage\":{\"@id\":\"https:\\\/\\\/walk4future.com\\\/event\\\/green-weekend\\\/#primaryimage\"},\"image\":{\"@id\":\"https:\\\/\\\/walk4future.com\\\/event\\\/green-weekend\\\/#primaryimage\"},\"thumbnailUrl\":\"https:\\\/\\\/walk4future.com\\\/wp-content\\\/uploads\\\/2025\\\/11\\\/Green-Weekend.png\",\"datePublished\":\"2025-11-12T11:04:55+00:00\",\"dateModified\":\"2026-02-08T11:19:48+00:00\",\"description\":\"We want to make it easier for you to enter the world of fair fashion and switch from big (fast) fashion brands to cool, conscious Fashion\",\"breadcrumb\":{\"@id\":\"https:\\\/\\\/walk4future.com\\\/event\\\/green-weekend\\\/#breadcrumb\"},\"inLanguage\":\"de\",\"potentialAction\":[{\"@type\":\"ReadAction\",\"target\":[\"https:\\\/\\\/walk4future.com\\\/event\\\/green-weekend\\\/\"]}]},{\"@type\":\"ImageObject\",\"inLanguage\":\"de\",\"@id\":\"https:\\\/\\\/walk4future.com\\\/event\\\/green-weekend\\\/#primaryimage\",\"url\":\"https:\\\/\\\/walk4future.com\\\/wp-content\\\/uploads\\\/2025\\\/11\\\/Green-Weekend.png\",\"contentUrl\":\"https:\\\/\\\/walk4future.com\\\/wp-content\\\/uploads\\\/2025\\\/11\\\/Green-Weekend.png\",\"width\":1920,\"height\":1080,\"caption\":\"Foto: Wolfgang Hirt Model: Elly Geissler\"},{\"@type\":\"BreadcrumbList\",\"@id\":\"https:\\\/\\\/walk4future.com\\\/event\\\/green-weekend\\\/#breadcrumb\",\"itemListElement\":[{\"@type\":\"ListItem\",\"position\":1,\"name\":\"Home\",\"item\":\"https:\\\/\\\/walk4future.com\\\/\"},{\"@type\":\"ListItem\",\"position\":2,\"name\":\"Events\",\"item\":\"https:\\\/\\\/walk4future.com\\\/events\\\/\"},{\"@type\":\"ListItem\",\"position\":3,\"name\":\"Green Weekend\"}]},{\"@type\":\"WebSite\",\"@id\":\"https:\\\/\\\/walk4future.com\\\/#website\",\"url\":\"https:\\\/\\\/walk4future.com\\\/\",\"name\":\"Walk4Future\",\"description\":\"The Future Fashion Movement\",\"publisher\":{\"@id\":\"https:\\\/\\\/walk4future.com\\\/#organization\"},\"potentialAction\":[{\"@type\":\"SearchAction\",\"target\":{\"@type\":\"EntryPoint\",\"urlTemplate\":\"https:\\\/\\\/walk4future.com\\\/?s={search_term_string}\"},\"query-input\":{\"@type\":\"PropertyValueSpecification\",\"valueRequired\":true,\"valueName\":\"search_term_string\"}}],\"inLanguage\":\"de\"},{\"@type\":\"Organization\",\"@id\":\"https:\\\/\\\/walk4future.com\\\/#organization\",\"name\":\"Walk4Future\",\"url\":\"https:\\\/\\\/walk4future.com\\\/\",\"logo\":{\"@type\":\"ImageObject\",\"inLanguage\":\"de\",\"@id\":\"https:\\\/\\\/walk4future.com\\\/#\\\/schema\\\/logo\\\/image\\\/\",\"url\":\"https:\\\/\\\/walk4future.com\\\/wp-content\\\/uploads\\\/2025\\\/01\\\/WALK4FUTURe_cut.png\",\"contentUrl\":\"https:\\\/\\\/walk4future.com\\\/wp-content\\\/uploads\\\/2025\\\/01\\\/WALK4FUTURe_cut.png\",\"width\":292,\"height\":292,\"caption\":\"Walk4Future\"},\"image\":{\"@id\":\"https:\\\/\\\/walk4future.com\\\/#\\\/schema\\\/logo\\\/image\\\/\"},\"sameAs\":[\"https:\\\/\\\/www.instagram.com\\\/walk.4future\\\/\"]}]}<\/script>\n<!-- \/ Yoast SEO plugin. -->","yoast_head_json":{"title":"Gr\u00fcnes Wochenende - walk4future\u00ae - REthink Fashion!","description":"Wir wollen es dir leichter machen, in die Welt der fairen Mode einzusteigen und von gro\u00dfen (Fast-)Fashion-Marken auf coole, bewusste Mode umzusteigen","robots":{"index":"index","follow":"follow","max-snippet":"max-snippet:-1","max-image-preview":"max-image-preview:large","max-video-preview":"max-video-preview:-1"},"canonical":"https:\/\/walk4future.com\/de\/veranstaltung\/grunes-wochenende\/","og_locale":"de_DE","og_type":"article","og_title":"Green Weekend - walk4future\u00ae - REthink Fashion!","og_description":"We want to make it easier for you to enter the world of fair fashion and switch from big (fast) fashion brands to cool, conscious Fashion","og_url":"https:\/\/walk4future.com\/de\/veranstaltung\/grunes-wochenende\/","og_site_name":"walk4future\u00ae - REthink Fashion!","article_modified_time":"2026-02-08T11:19:48+00:00","og_image":[{"width":1920,"height":1080,"url":"https:\/\/walk4future.com\/wp-content\/uploads\/2025\/11\/Green-Weekend.png","type":"image\/png"}],"twitter_card":"summary_large_image","twitter_misc":{"Gesch\u00e4tzte Lesezeit":"1\u00a0Minute"},"schema":{"@context":"https:\/\/schema.org","@graph":[{"@type":"WebPage","@id":"https:\/\/walk4future.com\/event\/green-weekend\/","url":"https:\/\/walk4future.com\/event\/green-weekend\/","name":"Gr\u00fcnes Wochenende - walk4future\u00ae - REthink Fashion!","isPartOf":{"@id":"https:\/\/walk4future.com\/#website"},"primaryImageOfPage":{"@id":"https:\/\/walk4future.com\/event\/green-weekend\/#primaryimage"},"image":{"@id":"https:\/\/walk4future.com\/event\/green-weekend\/#primaryimage"},"thumbnailUrl":"https:\/\/walk4future.com\/wp-content\/uploads\/2025\/11\/Green-Weekend.png","datePublished":"2025-11-12T11:04:55+00:00","dateModified":"2026-02-08T11:19:48+00:00","description":"Wir wollen es dir leichter machen, in die Welt der fairen Mode einzusteigen und von gro\u00dfen (Fast-)Fashion-Marken auf coole, bewusste Mode umzusteigen","breadcrumb":{"@id":"https:\/\/walk4future.com\/event\/green-weekend\/#breadcrumb"},"inLanguage":"de","potentialAction":[{"@type":"ReadAction","target":["https:\/\/walk4future.com\/event\/green-weekend\/"]}]},{"@type":"ImageObject","inLanguage":"de","@id":"https:\/\/walk4future.com\/event\/green-weekend\/#primaryimage","url":"https:\/\/walk4future.com\/wp-content\/uploads\/2025\/11\/Green-Weekend.png","contentUrl":"https:\/\/walk4future.com\/wp-content\/uploads\/2025\/11\/Green-Weekend.png","width":1920,"height":1080,"caption":"Foto: Wolfgang Hirt Model: Elly Geissler"},{"@type":"BreadcrumbList","@id":"https:\/\/walk4future.com\/event\/green-weekend\/#breadcrumb","itemListElement":[{"@type":"ListItem","position":1,"name":"Home","item":"https:\/\/walk4future.com\/"},{"@type":"ListItem","position":2,"name":"Events","item":"https:\/\/walk4future.com\/events\/"},{"@type":"ListItem","position":3,"name":"Green Weekend"}]},{"@type":"WebSite","@id":"https:\/\/walk4future.com\/#website","url":"https:\/\/walk4future.com\/","name":"Walk4Future","description":"Die Future Fashion-Bewegung","publisher":{"@id":"https:\/\/walk4future.com\/#organization"},"potentialAction":[{"@type":"SearchAction","target":{"@type":"EntryPoint","urlTemplate":"https:\/\/walk4future.com\/?s={search_term_string}"},"query-input":{"@type":"PropertyValueSpecification","valueRequired":true,"valueName":"search_term_string"}}],"inLanguage":"de"},{"@type":"Organization","@id":"https:\/\/walk4future.com\/#organization","name":"Walk4Future","url":"https:\/\/walk4future.com\/","logo":{"@type":"ImageObject","inLanguage":"de","@id":"https:\/\/walk4future.com\/#\/schema\/logo\/image\/","url":"https:\/\/walk4future.com\/wp-content\/uploads\/2025\/01\/WALK4FUTURe_cut.png","contentUrl":"https:\/\/walk4future.com\/wp-content\/uploads\/2025\/01\/WALK4FUTURe_cut.png","width":292,"height":292,"caption":"Walk4Future"},"image":{"@id":"https:\/\/walk4future.com\/#\/schema\/logo\/image\/"},"sameAs":["https:\/\/www.instagram.com\/walk.4future\/"]}]}},"ticketed":false,"_links":{"self":[{"href":"https:\/\/walk4future.com\/de\/wp-json\/wp\/v2\/tribe_events\/8332","targetHints":{"allow":["GET"]}}],"collection":[{"href":"https:\/\/walk4future.com\/de\/wp-json\/wp\/v2\/tribe_events"}],"about":[{"href":"https:\/\/walk4future.com\/de\/wp-json\/wp\/v2\/types\/tribe_events"}],"author":[{"embeddable":true,"href":"https:\/\/walk4future.com\/de\/wp-json\/wp\/v2\/users\/1"}],"version-history":[{"count":9,"href":"https:\/\/walk4future.com\/de\/wp-json\/wp\/v2\/tribe_events\/8332\/revisions"}],"predecessor-version":[{"id":8748,"href":"https:\/\/walk4future.com\/de\/wp-json\/wp\/v2\/tribe_events\/8332\/revisions\/8748"}],"wp:featuredmedia":[{"embeddable":true,"href":"https:\/\/walk4future.com\/de\/wp-json\/wp\/v2\/media\/8337"}],"wp:attachment":[{"href":"https:\/\/walk4future.com\/de\/wp-json\/wp\/v2\/media?parent=8332"}],"wp:term":[{"taxonomy":"post_tag","embeddable":true,"href":"https:\/\/walk4future.com\/de\/wp-json\/wp\/v2\/tags?post=8332"},{"taxonomy":"tribe_events_cat","embeddable":true,"href":"https:\/\/walk4future.com\/de\/wp-json\/wp\/v2\/tribe_events_cat?post=8332"}],"curies":[{"name":"wp","href":"https:\/\/api.w.org\/{rel}","templated":true}]}}

Grünes Wochenende

<p>Vom 21. November bis Montag, den 24. November, können ausgewählte Artikel aus unserem <a href="https://walk4future.com/de/brands4future/ffashion-drop-1/">Fair Fashion Drop</a> sind mit einem Rabatt von 20-30% erhältlich. <strong>Die #walkandsavechallenge Coupons können natürlich angewendet werden!</strong></p>
<p><strong>Und warum?</strong></p>
<p>Ganz einfach: Wir wollen es dir leichter machen, in die Welt der fairen Mode einzusteigen und von großen (Fast-)Fashion-Marken auf coole, bewusste Kleidung umzusteigen.</p>
<p>Gehe hier, um teilzunehmen: <a href="https://walk4future.com/de/grunes-wochenende-verkauf/">Grünes Wochenende</a></p>

<p>Vom 21. November bis Montag, den 24. November, sind ausgewählte Artikel aus unserem Fair Fashion Drop mit einem Rabatt von 20-30% erhältlich. Die #walkandsavechallenge Coupons können natürlich angewendet werden! Warum? Ganz einfach: Wir...</p>

<!-- This site is optimized with the Yoast SEO plugin v27.3 - https://yoast.com/product/yoast-seo-wordpress/ -->
<title>Green Weekend - walk4future® - REthink Fashion!</title>
<meta name="description" content="We want to make it easier for you to enter the world of fair fashion and switch from big (fast) fashion brands to cool, conscious Fashion" />
<meta name="robots" content="index, follow, max-snippet:-1, max-image-preview:large, max-video-preview:-1" />
<link rel="canonical" href="https://walk4future.com/de/veranstaltung/grunes-wochenende/" />
<meta property="og:locale" content="de_DE" />
<meta property="og:type" content="article" />
<meta property="og:title" content="Green Weekend - walk4future® - REthink Fashion!" />
<meta property="og:description" content="We want to make it easier for you to enter the world of fair fashion and switch from big (fast) fashion brands to cool, conscious Fashion" />
<meta property="og:url" content="https://walk4future.com/de/veranstaltung/grunes-wochenende/" />
<meta property="og:site_name" content="walk4future® - REthink Fashion!" />
<meta property="article:modified_time" content="2026-02-08T11:19:48+00:00" />
<meta property="og:image" content="https://walk4future.com/wp-content/uploads/2025/11/Green-Weekend.png" />
	<meta property="og:image:width" content="1920" />
	<meta property="og:image:height" content="1080" />
	<meta property="og:image:type" content="image/png" />
<meta name="twitter:card" content="summary_large_image" />
<meta name="twitter:label1" content="Geschätzte Lesezeit" />
	<meta name="twitter:data1" content="1 Minute" />
<script type="application/ld+json" class="yoast-schema-graph">{"@context":"https:\/\/schema.org","@graph":[{"@type":"WebPage","@id":"https:\/\/walk4future.com\/event\/green-weekend\/","url":"https:\/\/walk4future.com\/event\/green-weekend\/","name":"Green Weekend - walk4future® - REthink Fashion!","isPartOf":{"@id":"https:\/\/walk4future.com\/#website"},"primaryImageOfPage":{"@id":"https:\/\/walk4future.com\/event\/green-weekend\/#primaryimage"},"image":{"@id":"https:\/\/walk4future.com\/event\/green-weekend\/#primaryimage"},"thumbnailUrl":"https:\/\/walk4future.com\/wp-content\/uploads\/2025\/11\/Green-Weekend.png","datePublished":"2025-11-12T11:04:55+00:00","dateModified":"2026-02-08T11:19:48+00:00","description":"We want to make it easier for you to enter the world of fair fashion and switch from big (fast) fashion brands to cool, conscious Fashion","breadcrumb":{"@id":"https:\/\/walk4future.com\/event\/green-weekend\/#breadcrumb"},"inLanguage":"de","potentialAction":[{"@type":"ReadAction","target":["https:\/\/walk4future.com\/event\/green-weekend\/"]}]},{"@type":"ImageObject","inLanguage":"de","@id":"https:\/\/walk4future.com\/event\/green-weekend\/#primaryimage","url":"https:\/\/walk4future.com\/wp-content\/uploads\/2025\/11\/Green-Weekend.png","contentUrl":"https:\/\/walk4future.com\/wp-content\/uploads\/2025\/11\/Green-Weekend.png","width":1920,"height":1080,"caption":"Foto: Wolfgang Hirt Model: Elly Geissler"},{"@type":"BreadcrumbList","@id":"https:\/\/walk4future.com\/event\/green-weekend\/#breadcrumb","itemListElement":[{"@type":"ListItem","position":1,"name":"Home","item":"https:\/\/walk4future.com\/"},{"@type":"ListItem","position":2,"name":"Events","item":"https:\/\/walk4future.com\/events\/"},{"@type":"ListItem","position":3,"name":"Green Weekend"}]},{"@type":"WebSite","@id":"https:\/\/walk4future.com\/#website","url":"https:\/\/walk4future.com\/","name":"Walk4Future","description":"The Future Fashion Movement","publisher":{"@id":"https:\/\/walk4future.com\/#organization"},"potentialAction":[{"@type":"SearchAction","target":{"@type":"EntryPoint","urlTemplate":"https:\/\/walk4future.com\/?s={search_term_string}"},"query-input":{"@type":"PropertyValueSpecification","valueRequired":true,"valueName":"search_term_string"}}],"inLanguage":"de"},{"@type":"Organization","@id":"https:\/\/walk4future.com\/#organization","name":"Walk4Future","url":"https:\/\/walk4future.com\/","logo":{"@type":"ImageObject","inLanguage":"de","@id":"https:\/\/walk4future.com\/#\/schema\/logo\/image\/","url":"https:\/\/walk4future.com\/wp-content\/uploads\/2025\/01\/WALK4FUTURe_cut.png","contentUrl":"https:\/\/walk4future.com\/wp-content\/uploads\/2025\/01\/WALK4FUTURe_cut.png","width":292,"height":292,"caption":"Walk4Future"},"image":{"@id":"https:\/\/walk4future.com\/#\/schema\/logo\/image\/"},"sameAs":["https:\/\/www.instagram.com\/walk.4future\/"]}]}</script>
<!-- / Yoast SEO plugin. -->

Grünes Wochenende - walk4future® - REthink Fashion!

Wir wollen es dir leichter machen, in die Welt der fairen Mode einzusteigen und von großen (Fast-)Fashion-Marken auf coole, bewusste Mode umzusteigen
